mber?
False
Is 1044178433 a prime number?
False
Is 9444163447 a composite number?
False
Is 26937728383 a composite number?
True
Is 643573487 a composite number?
False
Is 4011728449 a composite number?
False
Is 88354649461 composite?
True
Is 7553315443 composite?
True
Is 34071977687 a composite number?
True
Is 3700384487 a prime number?
True
Is 48907121 a prime number?
False
Is 5998982333 a composite number?
False
Is 36599971297 a prime number?
True
Is 5211576629 prime?
False
Is 30421119667 composite?
False
Is 2240173253 prime?
False
Is 108504097 a composite number?
True
Is 2524356337 a prime number?
True
Is 4103571733 a composite number?
False
Is 312340307 a prime number?
False
Is 757319327 a prime number?
True
Is 831237337 composite?
True
Is 3253072931 prime?
True
Is 220004632379 a composite number?
True
Is 6676420031 a composite number?
True
Is 82468338331 a prime number?
True
Is 10457462369 composite?
False
Is 895601813 a prime number?
True
Is 4514517437 a prime number?
False
Is 49785822029 composite?
True
Is 23105240699 prime?
False
Is 10316113 prime?
True
Is 1176714911 a composite number?
False
Is 435800263 composite?
True
Is 77333183 a composite number?
True
Is 152637505367 a composite number?
True
Is 70155583007 a composite number?
False
Is 293800703 a prime number?
False
Is 10858236167 prime?
False
Is 44313701353 prime?
False
Is 36355016699 a prime number?
True
Is 226357974443 a composite number?
False
Is 97976540407 a composite number?
False
Is 205103399 prime?
False
Is 115946524937 a prime number?
False
Is 1454638721 prime?
True
Is 200349015511 composite?
False
Is 6742586567 composite?
False
Is 21504993623 composite?
False
Is 658699603 a prime number?
False
Is 36326261123 a composite number?
True
Is 8265407767 composite?
True
Is 9133655983 a prime number?
True
Is 831576853 a composite number?
True
Is 918472267 prime?
True
Is 85279032082 composite?
True
Is 3147727679 prime?
True
Is 35838162749 a composite number?
False
Is 752002813 a composite number?
False
Is 12114275999 prime?
False
Is 62704712623 prime?
False
Is 4036926217 composite?
False
Is 1132948457 composite?
True
Is 273252377 a prime number?
False
Is 28478937139 a prime number?
True
Is 383631023 prime?
False
Is 40905340969 composite?
True
Is 29539083083 a prime number?
True
Is 2537015359 prime?
False
Is 68709060533 prime?
True
Is 39796090342 a prime number?
False
Is 64194055239 a composite number?
True
Is 277614587 composite?
False
Is 2099068351 composite?
False
Is 107770081 a prime number?
False
Is 9357057473 composite?
True
Is 8577787913 a prime number?
True
Is 5832168473 prime?
True
Is 108465650653 composite?
False
Is 788984497 prime?
False
Is 13958132957 a prime number?
True
Is 1674681691 a composite number?
False
Is 1812016169 prime?
True
Is 1234901441 a prime number?
False
Is 2409110761 composite?
False
Is 10922136089 prime?
False
Is 6109887479 a prime number?
False
Is 3727496743 prime?
True
Is 10057597679 a prime number?
True
Is 95049289 composite?
True
Is 9581962871 composite?
True
Is 1623901943 a prime number?
True
Is 8366945903 a prime number?
False
Is 19838017 a prime number?
False
Is 391826161 composite?
False
Is 9570373957 a composite number?
False
Is 2008015003 composite?
False
Is 5870966417 composite?
False
Is 66517274009 a prime number?
False
Is 1291454779 a prime number?
True
Is 46900196909 a composite number?
False
Is 33555346081 a prime number?
False
Is 46480153693 prime?
True
Is 6380308213 prime?
True
Is 32354260121 prime?
True
Is 2483945657 composite?
True
Is 22712013871 prime?
False
Is 7496245153 a composite number?
False
Is 1477368947 composite?
False
Is 6354503143 prime?
True
Is 1120086607 a prime number?
False
Is 62517643853 a composite number?
True
Is 10964535571 prime?
False
Is 16241525863 prime?
True
Is 17535307711 prime?
True
Is 10957350319 a prime number?
False
Is 3330016139 prime?
True
Is 103079797259 composite?
False
Is 4553844511 a prime number?
True
Is 2222454161 a composite number?
False
Is 36449284121 a composite number?
False
Is 64240836317 prime?
False
Is 66657601 a composite number?
True
Is 2661431693 composite?
True
Is 14650704533 a composite number?
True
Is 2695548937 composite?
True
Is 89354623 a composite number?
False
Is 511618031 composite?
True
Is 1585678569 composite?
True
Is 436970137 a prime number?
False
Is 326652709 a prime number?
True
Is 164294269 composite?
False
Is 9888441751 a composite number?
True
Is 6440738443 a composite number?
True
Is 331839733 a composite number?
False
Is 195523745 a composite number?
True
Is 466238171303 a composite number?
False
Is 59277463613 a composite number?
True
Is 921708803 a composite number?
False
Is 12136574663 composite?
False
Is 19216077521 a composite number?
True
Is 3019762567 a composite number?
True
Is 3864901681 prime?
False
Is 1101639659 prime?
True
Is 222885205 a composite number?
True
Is 1524302051 prime?
True
Is 915951889 a prime number?
False
Is 91935023 prime?
True
Is 7501109887 prime?
True
Is 6910063861 a composite number?
True
Is 26856995677 composite?
False
Is 11772736289 prime?
False
Is 1700914993 a composite number?
False
Is 303718928939 a prime number?
True
Is 987216751 composite?
False
Is 114594449 prime?
True
Is 11600599937 a composite number?
False
Is 4390432759 a prime number?
True
Is 19569588979 prime?
True
Is 3224838569 composite?
False
Is 153981908687 composite?
False
Is 229615121 prime?
True
Is 1015739597 a prime number?
True
Is 65128711 composite?
True
Is 148958653 prime?
True
Is 5962051531 prime?
False
Is 30783400961 a prime number?
True
Is 223063471 a composite number?
False
Is 5662196873 prime?
False
Is 36366810929 a composite number?
True
Is 42133332931 composite?
False
Is 8438116859 a composite number?
True
Is 1026463729 composite?
True
Is 5885200351 a prime number?
True
Is 155008471 a composite number?
False
Is 508776449 prime?
True
Is 452365799 prime?
True
Is 7715549 composite?
False
Is 2563752263 a prime number?
False
Is 2970598933 a prime number?
True
Is 65326934347 a composite number?
True
Is 171692311 composite?
True
Is 2184138779 a composite number?
False
Is 7762478813 a prime number?
True
Is 50945804387 a composite number?
True
Is 2789693926 prime?
False
Is 87950957 composite?
True
Is 6493895522 a composite number?
True
Is 1780048883 composite?
True
Is 1944667919 a composite number?
True
Is 74614052423 a composite number?
False
Is 876496561 composite?
True
Is 4978866317 prime?
False
Is 13231599683 a composite number?
False
Is 964162061 a composite number?
True
Is 1093750577 prime?
False
Is 99636023 a composite number?
True
Is 2738542687 a composite number?
True
Is 63561502373 a prime number?
True
Is 119944257 a composite number?
True
Is 8364031883 composite?
True
Is 6134027 composite?
True
Is 8026001813 a composite number?
False
Is 7807905761 a composite number?
True
Is 42835433 a composite number?
True
Is 26449583605 a composite number?
True
Is 5452836841 a composite number?
True
Is 761304143 composite?
True
Is 176431769 a prime number?
False
Is 686084719 prime?
True
Is 20667195643 composite?
False
Is 10363239563 a prime number?
True
Is 34463385283 prime?
True
Is 17334122549 a composite number?
True
Is 168630859 composite?
False
Is 27325250467 prime?
True
Is 37075755443 prime?
False
Is 2167869791 prime?
False
Is 4318967365 a composite number?
True
Is 26676074023 a prime number?
True
Is 13893419471 a prime number?
True
Is 835459991 a prime number?
False
Is 76570391 prime?
False
Is 107882377 a composite number?
False
Is 490793613 composite?
True
Is 1489863841 a prime number?
True
Is 592861033 a prime number?
False
Is 213535235 prime?
False
Is 42574444433 composite?
False
Is 17182023529 prime?
False
Is 2127390757 a composite number?
True
Is 18668181517 a composite number?
True
Is 1483866491 composite?
True
Is 176291215049 a prime number?
True
Is 25757128511 a prime number?
True
Is 10921850497 prime?
False
Is 20408122339 a prime number?
False
Is 2253321137 composite?
True
Is 1744865999 prime?
True
Is 77372796257 prime?
True
Is 76581979 prime?
False
Is 25438110403 a prime number?
True
Is 12124381523 prime?
False
Is 58573091435 a composite number?
True
Is 642984841 a prime number?
False
Is 33352522127 composite?
False
Is 94577974033 prime?
False